irst derivative of h**3/3 + 2*h**2 + 2*h - 4064. Suppose 0 = -2*f - 1 - 5. Determine s(f).
-1
Let f(c) be the third derivative of c**5/60 - c**4/24 - 2*c**3/3 - 12*c**2. Let r be f(-2). Let i(q) = -120*q - 111*q + 236*q + 6 + q**r. Give i(-4).
2
Let f(b) = b - 2. Let s(t) = -33*t + 1962. Let o be s(59). What is f(o)?
13
Let b be 2/(9/(-90) + 2/4). Let w be (34 - 4)/b + -2 + -4. Let j(l) = -l**2 - l + 8. Determine j(w).
8
Let h(j) be the third derivative of j**5/60 - 5*j**4/24 - 29*j**3/6 + j**2 + 3*j - 177. What is h(7)?
-15
Let j(l) be the second derivative of l**5/20 + 5*l**4/12 + l**3 + l**2 + 2*l. Suppose 0 = 2*t - 18 + 930. Let f be t/108 - (-2)/9. Calculate j(f).
-6
Suppose 0 = -4*x - 4*d - 32, 5*x + 8 = 2*d - 11. Let y be (-6)/(2 + (x - -1)). Let c(g) = 5*g + 5*g**2 - y - 6*g**2 - 9 + 5*g. Calculate c(8).
4
Let y(w) = w**2 - 5*w + 4. Let l = 74 + -167. Let c = l + 96. Determine y(c).
-2
Let v(f) = f**3 - f**2 + 7*f + 3. Let g(m) = -m**3 + 2*m**2 - 8*m - 4. Let h(k) = 6*g(k) + 7*v(k). Let q be (-16)/10*65/26. Give h(q).
9
Let l(h) be the second derivative of -h**5/20 + h**4/6 + 7*h**3/6 + h**2/2 - 729*h. What is l(-3)?
25
Let z(n) = 13*n**3 - n**2 - 2*n + 2. Let d be z(2). Suppose 0*q + 665 = -7*q. Let w = d + q. Let s(k) = k**2 - k - 3. What is s(w)?
3
Suppose -3*m + r - 83 = -24, -55 = 3*m - 2*r. Let i(a) = -a - 47. What is i(m)?
-26
Let p(k) = -8*k**2 - k - 28. Let w(c) = -c**2 - c - 4. Let f(b) = p(b) - 6*w(b). Give f(3).
-7
Let p(k) = -8*k + 639. Let i(s) = 23*s - 1700. Let h(w) = 3*i(w) + 8*p(w). Give h(-16).
-68
Let t be 4/12 + 2/(-6). Let p(k) = -k + 3*k - 3*k + t*k. Suppose 12*u - 22 = -130. Determine p(u).
9
Let o(t) = 21 - 650*t + 1282*t - 634*t + 2*t**2. Calculate o(5).
61
Let n(c) be the second derivative of c**4/6 + 37*c**3/6 - 15*c**2/2 - 56*c + 111. Determine n(-19).
4
Let k(j) = -5*j + 6. Let d(z) = 9*z - 11. Let t(h) = 4*d(h) + 7*k(h). Let i = -198 - -199. Determine t(i).
-1
Let v(z) = 0*z**3 - 109*z**2 - 2*z**3 - 175 + 40*z + 187*z**2 - 121*z**2 + z**3. Calculate v(-44).
1
Let s be 2/(-1)*3*2/(-4). Let p be (-6)/(-8) + ((-27)/(-12) - s). Let m(z) = -5*z - 55 + 2*z + 2*z + 49. Determine m(p).
-6
Let x(k) = 735*k + 9 - 2803*k + 1337*k + 732*k. Suppose 3*r + 6 + 12 = 0. Calculate x(r).
3
Let n(k) = k**2 + 11*k + 2. Suppose 4*x - 51 + 47 = 0. Suppose 5*g - x = 19, -g = 5*p + 46. Determine n(p).
-8
Let l(w) be the third derivative of -w**4/8 - 13*w**3/6 - 1728*w**2. What is l(4)?
-25
Let x(j) = -j**2 - 8*j + 23. Let l(o) = -3*o**2 - 26*o + 70. Let b(h) = -2*l(h) + 7*x(h). Let a(n) be the first derivative of b(n). Calculate a(-4).
4
Let x(i) = -23*i - 8. Suppose 965 = -14*y + 867. Suppose -q = 4*m - 26, 3*m = 4*q - 2*q + 14. Let h(v) = -22*v - 7. Let s(u) = m*x(u) + y*h(u). Calculate s(1).
17
Let b be 12/(-30)*5*6/(-4). Suppose 0 = -b*x - 13 + 19. Let w(u) = 38 + 41 - 121 + x*u + 56. Calculate w(-10).
-6
Let k be 2/(-8) + 78/24 - -9. Let s(f) = f**2 - 12*f - 16. Calculate s(k).
-16
Let c(v) = -3*v**2 + 1. Let y(o) = -29*o**2 + 10*o + 13. Let j(u) = -10*c(u) + y(u). Give j(-5).
-22
Suppose v = z - v - 20, 64 = 5*z + 2*v. Suppose 104 - z = 15*h. Let d(q) = q**3 - 5*q**2 - 5*q - 8. Calculate d(h).
-2
Let c = 2543 - 2536. Let y(w) = w**3 - 3*w**2 - 24*w - 17. What is y(c)?
11
Let a(i) = i**2 + i + 2. Let h be a(-2). Suppose h*b + 130 - 102 = 0. Let k(s) = -s**3 - 7*s**2 + 3*s + 9. What is k(b)?
-12
Suppose -2*h + 9 = -y - 5, -3*y = 2*h - 14. Let u(c) = 10*c**2 - 6*c + 22. Let l be u(-7). Let v(w) = -4 - 553*w + l*w + 5. What is v(h)?
8
Let u(f) be the third derivative of -f**4/6 - 5*f**3/2 - 2245*f**2. Determine u(0).
-15
Let l(f) = -15*f - 41. Let x(u) = 45*u + 105. Let v(w) = -7*l(w) - 2*x(w). What is v(-5)?
2
Let j(r) = 2*r - 10. Let h be j(3). Let g be (h/(-2) - 2)/(-2). Let y(o) = g*o + 2*o - 13*o - o**2 - 7. What is y(-6)?
23
Let l(o) be the first derivative of -1 - 1/2*o**2 - 12*o. Let q be -9*(29 - (-7781)/(-279)). Give l(q).
-2
Suppose -1570 = -5*f + 255. Suppose -f = 9*l - 347. Let s(a) = -32*a - 3. Let n(u) = 11*u + 1. Let o(c) = 17*n(c) + 6*s(c). What is o(l)?
9
Let y be 12/(-30) - 234/65 - -22. Let f(a) = -2*a**3 + 37*a**2 - 11*a - 127. Give f(y).
-1
Let w(g) = -g**2 - 9. Suppose 4*i = h + 19, -22*i + 23*i - 31 = -5*h. Let d(l) = -2*l + 12. Let q be d(i). Calculate w(q).
-9
Let x(c) = 17 + 0 - 24*c - 18*c + 103 + 17. Let w be x(3). Let q(l) = l**2 - 12*l + 12. What is q(w)?
1
Let b(p) = 6*p + 7. Suppose -5*q = -13 - 12. Let y(t) = 5*t + 6. Let c(s) = q*y(s) - 4*b(s). What is c(-7)?
-5
Let b(p) be the third derivative of p**5/60 + 11*p**4/24 - p**3/3 - 8*p**2 + 28*p. What is b(-13)?
24
Let t(u) = -662*u**2 + 225*u**2 + 220*u**2 + 216*u**2 + u. Suppose 2*n + 0*q - 6 = 4*q, 0 = -4*n - 4*q + 24. Determine t(n).
-20
Let w(k) = 53*k**2 + 5 - 18*k**2 - 13*k - 14*k**2 - 24*k**2. What is w(-6)?
-25
Let l(n) = -40 - 43 + 131 - 5*n**2 - 47 - 3*n. Determine l(1).
-7
Let t(k) = k + 19*k**2 + k - 24*k**2 + 11*k**2. Let c(f) = 4*f**2 + 34*f + 15. Let b be c(-8). Determine t(b).
4
Let x(w) = 8*w**3 - 99*w**2 + 89*w + 103. Let s(t) = t**3 - 14*t**2 + 13*t + 15. Let c(p) = 15*s(p) - 2*x(p). Determine c(-13).
-33
Let r(o) = -715*o + 723*o - 10*o**2 + 2*o**3 - 5 - 5. What is r(4)?
-10
Let i(y) be the first derivative of y**2/2 + y + 722. Let h be -3 + (1 - (4 + -3)). Let u be ((-10)/(-8))/(h/12). Determine i(u).
-4
Let m(z) = 6*z**3 - 3*z**2 - z + 2. Let b = 19886 - 19888. Determine m(b).
-56
Let h(k) = -k**3 + 7*k**2 - 8*k + 1. Suppose 6*t = 8*t - 3*c - 24, 0 = -2*t - c + 8. Give h(t).
-11
Let i(u) = u - 16. Let k be ((-68)/12)/((-4)/18 + (-2)/18). Calculate i(k).
1
Let r(h) = 89 - 22 - 21 - h**2 + 4*h - 27. Give r(7).
-2
Let f(g) = -7*g + 7. Let k(p) = 16 + 5*p - 8*p - 30 + 17. Let a(q) = 4*f(q) - 9*k(q). Calculate a(-7).
8
Let o(y) = 3*y**3 + 14*y**2 + 5*y + 12. Suppose 2*s - 22 = 5*t + 3*s, t + 2*s = 1. Calculate o(t).
-38
Let b(a) be the second derivative of a**6/180 + a**5/30 - 7*a**4/12 + 17*a. Let o(k) be the third derivative of b(k). Suppose 8 = -21*u + 19*u. What is o(u)?
-12
Suppose 42*q + 158 + 292 = 12*q. Let n(k) = 7*k + 94. What is n(q)?
-11
Suppose w - 3 + 11 = 0. Let c be (1/3 - 0)/((-112)/(-2688)). Let o(v) = 17 + 10*v - c - 12 - 11*v. Determine o(w).
5
Let d(f) = -f**2 - 4*f + 19. Let v be (0 + -8)/(4/64*(-48)/(-3)). Calculate d(v).
-13
Let k(o) = -7*o**3 + 12*o**2 - 5*o - 6. Let q(n) = 3*n**3 - 6*n**2 + 2*n + 3. Let r = 144 - 142. Let i(u) = r*k(u) + 5*q(u). Calculate i(6).
3
Suppose 10*f = 7*f + 27. Suppose -f*z + 5*z = -40. Suppose 5*t - z*t = -45. Let c(d) = d**3 - 8*d**2 - 8*d - 10. Calculate c(t).
-1
Let w(s) = s - 8. Suppose 619 = -24*i - 1325. Let h be i/54*(-4 + 0). What is w(h)?
-2
Suppose -350 = 87*i - 62*i. Let t(b) = -b**2 - 17*b - 20. Calculate t(i).
22
Let r = -2875 + 2877. Let n(u) = u**2 - 2*u - 2. Calculate n(r).
-2
Let f(p) = 56*p - 136. Let m(n) = -33*n + 83. Let s(o) = -8*f(o) - 13*m(o). Determine s(2).
-29
Let l(h) be the third derivative of h**4/4 + 5*h**3/6 + 3008*h**2. Let t be ((-3)/2)/(3/8). What is l(t)?
-19
Let g(a) be the first derivative of -a**3/3 + 7*a**2/2 - 2*a + 57. Let m(w) = -w**3 - 19*w**2 + 2*w + 47. Let v be m(-19). Calculate g(v).
-20
Let v(w) be the second derivative of 3*w**5/20 + 4*w**4/3 - 4*w**3/3 + 29*w**2/2 - 5*w - 4. What is v(-6)?
5
Let o be 4/10 - (-357)/1260*-12. Suppose s - 22 = -s - 2*u, 31 = 5*s - 3*u. Let l(i) = 1 - i - s*i - i**3 - 2*i**2 + 11*i. Calculate l(o).
4
Let f(a) = a**3 - 14*a**2 - 4*a + 92. Let h be f(15). Let x = h - 257. Let n(z) = z**2 + 2*z - 20. What is n(x)?
-20
Let v be 7 + -10 - 7 - (-3 - (-10 + 8)). Let p(n) = 2*n**3 - 3*n**2 + n. Let l be p(2). Let x(q) = -6 - l + 1 - 4*q. What is x(v)?
25
Let n(t) = -t**3 + t**2 + 111*t - 18. Let p be n(0). Let m(v) = v**3 + 20*v**2 + 34*v - 41. Give m(p).
-5
Suppose 1019 + 1723 + 1934 = 334*y. Let q(w) = -w**2 + 10*w + 54. Give q(y).
-2
Suppose -17*g + 1185 = 767*g + 5889. Let i(v) = 0 + 4 + 2 + 2*v. Give i(g).
-6
Let o(g) be the first derivative of 2*g**3/3 + 5*g**2 + 16*g - 41. Let s be o(-4). Let u(j) = -j**2 + 9*j + 2. What is u(s)?
10
Suppose -p + 2*u + 25 = 0, p = u - 3*u + 9. Let w(t) = -t**2 + 16*t + 19. Let o be w(p). Let q(n) = -2*n**2 - 4 + 3*n**o + 3*n + 1 + 2*n. Determine q(-6).
3
Let a